33.
13
What is the remainder when 28413 is divided by 733?
559
What is the remainder when 1793 is divided by 573?
74
Calculate the remainder when 195492 is divided by 1396.
52
What is the remainder when 10977 is divided by 3655?
12
Calculate the remainder when 95212 is divided by 1944.
1900
Calculate the remainder when 3665 is divided by 203.
11
Calculate the remainder when 92643 is divided by 1544.
3
Calculate the remainder when 1479 is divided by 74.
73
What is the remainder when 395151 is divided by 58?
55
What is the remainder when 8294 is divided by 712?
462
What is the remainder when 41527 is divided by 127?
125
Calculate the remainder when 30517 is divided by 10169.
10
Calculate the remainder when 35986 is divided by 17756.
474
Calculate the remainder when 4808893 is divided by 1234.
1229
Calculate the remainder when 822802 is divided by 10.
2
What is the remainder when 18718 is divided by 6131?
325
Calculate the remainder when 21048 is divided by 25.
23
What is the remainder when 3160 is divided by 1573?
14
Calculate the remainder when 45043 is divided by 143.
141
Calculate the remainder when 76701 is divided by 7665.
51
What is the remainder when 9639 is divided by 567?
0
Calculate the remainder when 2202 is divided by 85.
77
Calculate the remainder when 28706 is divided by 68.
10
What is the remainder when 17695 is divided by 845?
795
What is the remainder when 78867 is divided by 15?
12
Calculate the remainder when 38403 is divided by 199.
195
What is the remainder when 133806 is divided by 355?
326
What is the remainder when 13472 is divided by 845?
797
Calculate the remainder when 3242 is divided by 291.
41
Calculate the remainder when 2569109 is divided by 58.
57
Calculate the remainder when 7782 is divided by 3886.
10
Calculate the remainder when 2731 is divided by 675.
31
What is the remainder when 65403 is divided by 21797?
12
What is the remainder when 67205 is divided by 7466?
11
Calculate the remainder when 412826 is divided by 11467.
14
Calculate the remainder when 32681 is divided by 4668.
5
Calculate the remainder when 20438 is divided by 63.
26
What is the remainder when 1649215 is divided by 48?
31
Calculate the remainder when 2824 is divided by 1357.
110
What is the remainder when 451140 is divided by 441?
438
Calculate the remainder when 5377 is divided by 411.
34
What is the remainder when 44127 is divided by 5471?
359
What is the remainder when 5975 is divided by 60?
35
Calculate the remainder when 223773 is divided by 63.
60
Calculate the remainder when 160496 is divided by 692.
644
Calculate the remainder when 101189 is divided by 10.
9
Calculate the remainder when 8007303 is divided by 173.
171
Calculate the remainder when 5967 is divided by 493.
51
What is the remainder when 2455 is divided by 1140?
175
Calculate the remainder when 93298 is divided by 2665.
23
Calculate the remainder when 781 is divided by 131.
126
What is the remainder when 106 is divided by 62?
44
What is the remainder when 272 is divided by 242?
30
Calculate the remainder when 22954 is divided by 369.
76
What is the remainder when 41415 is divided by 3184?
23
Calculate the remainder when 4267 is divided by 467.
64
What is the remainder when 66086 is divided by 15?
11
Calculate the remainder when 3964 is divided by 590.
424
What is the remainder when 667375 is divided by 113?
110
What is the remainder when 466956 is divided by 566?
6
What is the remainder when 49190 is divided by 525?
365
Calculate the remainder when 980 is divided by 329.
322
What is the remainder when 3783 is divided by 537?
24
What is the remainder when 401430 is divided by 41?
40
What is the remainder when 18939 is divided by 246?
243
Calculate the remainder when 22749 is divided by 485.
439
Calculate the remainder when 5809 is divided by 642.
31
Calculate the remainder when 18143 is divided by 158.
131
What is the remainder when 1594 is divided by 47?
43
Calculate the remainder when 1371982 is divided by 1371969.
13
Calculate the remainder when 1959 is divided by 480.
39
Calculate the remainder when 168591 is divided by 53.
51
Calculate the remainder when 18556 is divided by 91.
83
What is the remainder when 62324 is divided by 64?
52
Calculate the remainder when 71051 is divided by 23659.
74
Calculate the remainder when 55446 is divided by 303.
300
Calculate the remainder when 38429 is divided by 38387.
42
What is the remainder when 32923 is divided by 15?
13
Calculate the remainder when 8153 is divided by 889.
152
What is the remainder when 32126 is divided by 360?
86
What is the remainder when 201925 is divided by 86?
83
What is the remainder when 705432 is divided by 88179?
0
Calculate the remainder when 182071 is divided by 9101.
51
What is the remainder when 1516516 is divided by 519?
517
Calculate the remainder when 42779 is divided by 43.
37
Calculate the remainder when 9659 is divided by 128.
59
Calculate the remainder when 362060 is divided by 116.
24
Calculate the remainder when 16592 is divided by 746.
180
What is the remainder when 2325 is divided by 665?
330
What is the remainder when 161889 is divided by 17?
15
What is the remainder when 60507 is divided by 304?
11
Calculate the remainder when 33139 is divided by 299.
249
What is the remainder when 163235 is divided by 134?
23
Calculate the remainder when 1864 is divided by 196.
100
What is the remainder when 33308 is divided by 32?
28
Calculate the remainder when 129902 is divided by 37.
32
Calculate the remainder when 2258 is divided by 375.
8
Calculate the remainder when 182216 is divided by 1146.
2
Calculate the remainder when 20000 is divided by 4997.
12
What is the remainder when 719 is divided by 134?
49
What is the remainder when 20703 is divided by 1089?
12
What is the remainder when 1786 is divided by 1757?
29
Calculate the remainder when 1114 is divided by 6.
4
Calculate the remainder when 292 is divided by 24.
4
What is the remainder when 87102 is divided by 466?
426
Calculate the remainder when 115059 is divided by 34.
3
Calculate the remainder when 374194 is divided by 22.
18
What is the remainder when 32660 is divided by 3627?
17
Calculate the remainder when 18216 is divided by 320.
296
Calculate the remainder when 271 is divided by 233.
38
Calculate the remainder when 9022 is divided by 122.
116
Calculate the remainder when 6394 is divided by 1265.
69
What is the remainder when 64336 is divided by 32161?
14
Calculate the remainder when 23419 is divided by 1556.
79
What is the remainder when 2129 is divided by 13?
10
What is the remainder when 30474 is divided by 115?
114
Calculate the remainder when 494 is divided by 292.
202
What is the remainder when 972 is divided by 55?
37
What is the remainder when 2043821 is divided by 4?
1
What is the remainder when 551 is divided by 22?
1
What is the remainder when 732759 is divided by 582?
21
Calculate the remainder when 1327975 is divided by 21.
19
Calculate the remainder when 1104 is divided by 208.
64
Calculate the remainder when 1293879 is divided by 70.
69
What is the remainder when 516060 is divided by 26?
12
Calculate the remainder when 7598 is divided by 317.
307
Calculate the remainder when 183894 is divided by 17.
5
Calculate the remainder when 9136 is divided by 1114.
224
Calculate the remainder when 85798 is divided by 130.
128
Calculate the remainder when 162375 is divided by 186.
183
What is the remainder when 1665671 is divided by 15?
11
Calculate the remainder when 8835 is divided by 4412.
11
Calculate the remainder when 4159 is divided by 152.
55
What is the remainder when 88288 is divided by 162?
160
What is the remainder when 1819 is divided by 368?
347
Calculate the remainder when 14473 is divided by 68.
57
Calculate the remainder when 70062 is divided by 53.
49
What is the remainder when 14735 is divided by 31?
10
Calculate the remainder when 345 is divided by 7.
2
Calculate the remainder when 196652 is divided by 109.
16
Calculate the remainder when 3013 is divided by 133.
87
Calculate the remainder when 252740 is divided by 961.
958
Calculate the remainder when 16469 is divided by 61.
60
What is the remainder when 139783 is divided by 448?
7
What is the remainder when 1259405 is divided by 23?
17
Calculate the remainder 